Calculate j(l).
-4
Let u(c) = c**3 + 48*c**2 - 48*c + 52. Suppose -z + 5*w = 4*w + 52, -4*z = -w + 199. Calculate u(z).
3
Let k(y) = -y**3 - 6*y**2 + 3. Let c = -988 - -982. Calculate k(c).
3
Let i be ((-62)/(-5))/(-2 - 22/(-10)). Let h = i + -60. Let d(z) = 7*z + 4*z**h - 174 - 5*z**2 + 167. What is d(5)?
3
Let r(j) be the first derivative of j**3/3 - 23*j**2/2 + 109*j - 4892. Determine r(6).
7
Suppose 2*v + 0*v = -24. Let y be 6/v*6 + -3. Let x(p) = p**3 + 5*p**2 - 6*p + 6. Give x(y).
6
Let j(k) = k**3 + k**2 - 11*k + 4. Suppose -45 = 5*g - 230. Let u(d) = d**2 - 40*d + 107. Let p be u(g). Calculate j(p).
0
Let q(c) be the second derivative of -c**4/12 - 7*c**3/6 - c**2/2 + c. Let t(x) = -5 + 6 + 16 + 19 - 7*x + 2. Let p be t(6). What is q(p)?
11
Let j(n) = 77*n + 2. Let x(y) = y**2 + 310*y + 8. Let u(i) = 4*j(i) - x(i). Suppose -2*q + 3*q = 4. Let r = q - 7. Calculate u(r).
-3
Let f(t) = -16*t**3 + 2*t**2 - t. Let k = -579 + 572. Let j be (-8 - k)*(1 - (1 - -1)). Determine f(j).
-15
Suppose -113*n = 122*n - 91*n + 144. Let p(o) = 2*o**3 + 5*o**2 + 8*o + 2. Calculate p(n).
-3
Let v(i) = 380 + i**3 - 761 + 3*i + 380 - 6*i**2. Suppose -2*f = -5*f + 6. Calculate v(f).
-11
Let h(x) = 16 - 10*x + 0 + 24 + 0 - 5. Calculate h(8).
-45
Let w(z) = -z**2 - 6*z + 8. Suppose -4 - 1 = -i. Suppose i*s = 25, 5*n - 5*s - 410 = -0*s. Let l = 80 - n. Calculate w(l).
1
Let i = -2032 - -2055. Let c(j) = -5*j + 108. What is c(i)?
-7
Let v be 5*(1/(-4))/((-10)/(-8)). Let h(n) = 2*n**2 - n. Let a(o) = 5*o**2 - 6*o + 1. Let f(b) = v*a(b) + 5*h(b). Calculate f(1).
5
Let m(r) be the first derivative of -3*r + 22*r - 20 - r**2 - 7*r. Determine m(8).
-4
Let o(w) = -49 + 46 + 19*w - 20*w. Suppose 11 = 2*n - 13. Let z = n - 7. Determine o(z).
-8
Let m be (-1*2)/(2*5/(-10)). Let x(i) = -433*i + 3*i**2 + 431*i - 59*i**3 + 60*i**3 - 1. What is x(m)?
15
Let y(q) = -1. Let h(g) = g - 1. Let u be (15/2)/5*2. Let n be ((-4)/(-18))/(17/(-153)). Let x(s) = n*h(s) + u*y(s). What is x(1)?
-3
Let k = -142 + 141. Let y(w) = -44*w - 40. Let h be y(k). Let m(z) = z**2 - 5*z + 4. Give m(h).
0
Let z be ((-54)/(-24))/(15/20). Let o(i) = i**z + 5*i - 51 + 111 - 57 + 8*i**2. Calculate o(-7).
17
Let g = 15952 + -15949. Let d(z) be the third derivative of -1/3*z**g + 0*z - 32*z**2 + 1/120*z**6 + 0 + 1/15*z**5 + 1/12*z**4. Calculate d(-4).
-10
Let w(c) = c**2 + 883*c - 1765. Let d be w(2). Let p(v) = 3*v**2 - 6*v - 46. Calculate p(d).
-1
Let y(c) be the first derivative of 49 - c + 1/2*c**2. Calculate y(4).
3
Let u(k) = k**2 - k + 4. Let w(m) = 33*m - 129. Let x be w(4). Suppose -x*j = 39*j. Give u(j).
4
Let z(j) = j**3 + 13*j**2 - 6*j - 8. Suppose 2*x = -317*m + 312*m - 51, m = -2*x + 1. Calculate z(m).
70
Let s(c) = 17 - c**3 - 6 + 5 + 44*c - 21*c**2 - 9*c + 2*c**3. Calculate s(19).
-41
Let f(x) be the third derivative of x**4/24 - 2*x**3/3 - 132*x**2 + 1. Let y = -1 - -1. Suppose -2*h + 5*r + 10 = y, h = 3*h + 4*r - 10. What is f(h)?
1
Let h(q) be the first derivative of -q**4/4 - 10*q**3/3 - 7*q**2/2 + q + 6772. Let w = -18 + 9. What is h(w)?
-17
Let h(c) = -c**3 + 5*c**2 + 6*c - 8. Let p be -4 - 35/(-10) - 51/6. Let x be 9/12*(0 - 4) - p. Determine h(x).
-8
Let h(l) be the third derivative of l**4/4 + 16*l**3/3 + l**2 - 111*l. Determine h(-6).
-4
Let b(a) = a**3 - 8*a**2 - 13*a + 8. Let u be 9/((16 - 8) + -7). Suppose -u*p + 260 = 179. What is b(p)?
-28
Let p(c) = -52*c**3. Suppose -289*v + 269*v - 20 = 0. Calculate p(v).
52
Let y(h) = 17*h - 2089. Let q be y(123). Let j(c) = c**3 - 3*c**2 + 4*c - 3. Give j(q).
1
Suppose 4*a = 4*z - 40, -348*a - 42 = -343*a - 3*z. Let g(v) = -2*v**3 - 12*v**2 + 8*v + 12. Calculate g(a).
-36
Let k(s) = 11710*s**3 - 3 - s**2 + 13 - 16*s - 11709*s**3. Determine k(0).
10
Suppose -11 = 5*f - 56. Let v(r) = f + 6*r + 4375*r**2 - 4374*r**2 + 4*r. Determine v(-9).
0
Let x(u) = 5*u - 42. Suppose -b = s - 7, -4*s + 3 = 15. Give x(b).
8
Let q(f) = -11*f - 3*f + 1 + 2*f + f**2 + 5*f + 17*f. Give q(-6).
-23
Let q(g) = g**3 - 5*g**2 + g. Let h be q(5). Let i(d) = 49*d - 16*d - 22*d - 14*d - 34. Let t(m) = 2*m + 23. Let z(b) = h*i(b) + 7*t(b). Determine z(0).
-9
Suppose 3*x = 20 + 1. Let p(a) = a**2 - 13*a. Let v(w) = w**2 - 12*w. Let l = 66 - 71. Let h(z) = l*p(z) + 6*v(z). Give h(x).
0
Let h(g) = -7*g**3 - 5*g**2 - 4*g + 3. Let j(u) = -6*u**3 - 5*u**2 - 3*u + 3. Let v = 68 + -73. Let c(i) = v*h(i) + 6*j(i). Calculate c(-5).
-7
Suppose -24*p + 104 = 2*p. Let o(u) be the first derivative of 1/4*u**p + 11/2*u**2 - 11*u - 27 + 4*u**3. Calculate o(-11).
-11
Suppose 0 = -3*w - n + 27, n - 4*n = -3*w + 27. Suppose 6 = 2*b + g, 4*g = -5*b + 8*b - w. Let l(q) = -q**3 + 2*q**2 + 4*q. Give l(b).
3
Let j(l) = 2*l + 5. Let g(n) = -n**2 - 33*n - 270. Suppose 56*f + 18 = 55*f. Let m be g(f). Give j(m).
5
Let j(n) = -5*n - 3. Let r(s) = -s**3 + 125*s + 125*s - 251*s - 11*s**2 - 7. Let t be r(-11). What is j(t)?
-23
Let h be 2/16*(9 + -7). Let q(l) be the first derivative of -2*l**2 - h*l**4 - 4/3*l**3 + 0*l - 13. What is q(-3)?
3
Let y(m) = 7*m**2 - 6*m + 245. Let t(n) = 8*n**2 - 7*n + 273. Let u(p) = 8*t(p) - 9*y(p). Determine u(0).
-21
Suppose 7661 = 26*z - 9421. Let w = z - 666. Let x(s) = -3*s**2 - 8*s - 5. Let i(m) = 16*m**2 + 39*m + 24. Let j(h) = 2*i(h) + 11*x(h). Calculate j(w).
2
Let d(t) = -t**3 - 19*t**2 - 60*t + 11. Suppose 6*h + 21 + 51 = 3*r, -4*r - 84 = 4*h. Determine d(h).
11
Suppose 24*r - 18*r - 36 = 0. Let f(q) = 4 - r*q**2 + 23*q**2 - 10*q**2 - 8*q**2 + 3*q. Let a be 0/(-5) - -2*3. Give f(a).
-14
Let b(g) = 4*g + 40. Let c be b(-11). Let h be (-5 + 130/20)/((-6)/c). Let r(j) = 2*j**3 - j**2 + j - 1. Give r(h).
1
Let g be ((-10)/(-4))/((-9)/(-54)). Let t = -13 + g. Let m(d) = -d**2 + 2*d**t + 2 - d + 2*d + 2*d. What is m(-4)?
6
Let d(q) = -q**3 - q**2 - 2*q - 1. Suppose 5*l + 3*h + 36 = 0, 5*h = -203*l + 201*l - 41. What is d(l)?
23
Let p(g) = -229*g - 266. Let h(r) = -291*r - 266. Let q(f) = -3*h(f) + 4*p(f). Give q(-6).
-8
Let l = -19974 + 19959. Let i(q) = -2*q**3 - 30*q**2 + 8. Determine i(l).
8
Let k(q) = -2*q**3 + 3*q**2 - q. Let n = -474 - -480. Suppose -z - 18 = 5*m, 5*z = n*m - 8*m + 2. Give k(z).
-6
Let p(y) = 6*y + 16. Let v(n) be the first derivative of -7*n**2/2 - 20*n - 116. Let g(t) = 5*p(t) + 4*v(t). Give g(7).
14
Let r be (-8)/(-6)*(8/(-3) - (-156)/18). Let h(n) = n**3 - 10*n**2 + 9*n + 14. Give h(r).
-42
Let f(w) = -4*w**3 + 88*w**2 + 4*w - 87. Let p be f(22). Let d(k) = -26*k**3 + 4*k**2 - 7*k + 3. Determine d(p).
-26
Let v(z) = -z**3 + 15*z**2 - 3*z + 16. Suppose 3*q = -2*h + 24, 5*h = 4*q + 9 + 74. Determine v(h).
-29
Let j(g) = -g**3 - 20*g**2 - g - 13. Let z be -12*(-2)/(-21)*(-2275)/(-130). Calculate j(z).
7
Suppose 0 = 2*m, 4*f + 3*m - m = 96. Suppose -6*d + 0*d - f = 0. Let t(u) = 6*u + 1. Determine t(d).
-23
Let x(t) = -t**3 - 2*t**2 + 3*t + 1. Suppose g = -4*r + 44, -r - 32 = -5*r - 4*g. Let p be 440/r*(-12)/(-10). Suppose -3*s + p = 53. Calculate x(s).
1
Let v(t) = t**2 + 10*t + 2. Let m(c) = -9*c + 60. Let r be m(7). Let u be r/(2/(-12)*-2). What is v(u)?
-7
Let f(o) = -6*o + 6*o - 7 - o. Let b(j) = -j**2 - 8*j + 3. Let u be b(-11). Let i be 6*(-5)/u - -6. Calculate f(i).
-14
Suppose -14 = -5*b - d, -4*b - 2*d + 9 + 1 = 0. Let u(x) = 9*x**2 + b + 8*x + 0 - 8*x**2 + 5. Let y be u(-7). Let r(o) = 10*o**2 + 2*o - 1. Calculate r(y).
11
Let g(b) = 16*b + 11. Let d(u) = -u**2 + 81*u - 1510. Let y be d(52). Determine g(y).
-21
Let c be (174/(-8))/(12/8)*2. Let p = -30 - c. Let f(q) = 12*q**2 - q - 1. Determine f(p).
12
Let d(g) = -g**2 + g + 1. Let z(y) = -y**3 - 16*y + 3 - 5*y**2 - 4 - 9. Let b(n) = -5*d(n) - z(n). Let m = 37634 + -37643. What is b(m)?
-13
Let d(x) = -4*x**2 + 13*x - 17. Let z be d(6). Let a = -78 - z. Let m(q) = q**3 - 5*q**2 + q - 3. Calculate m(a).
2
Let r(b) = 35 + 41*b + 38*b + 42 - 80*b - 68. Suppose -4*x = -3*i - 20, -2*i - 2*x - 15 = -5*x. What is r(i)?
9
Let s(u) be the first derivative of 3*u**2 + 18*u + 499. Give s(-6).
-18
Let h(n) be the second derivative of n**5/20 + 13*n**4/12 - 2*n**3/3 + 27*n**2/2 + 26*n. Let r be h(-13). Let y = -77 + r. Let c(d) = -5*d - 2. Give c(y).
-12
Let b(p) = -66360*p**3 + 13*p + p**2 + 66359*p**3 + 1 - 12*p. Let n = -3 - -5. Give b(n).
-1
Let n be -8 + (-57)/(-3) + 24. Let u(g)